e f(2). Suppose 3*a - 101 = -29. Calculate the highest common factor of z and a.
8
Let w(s) be the second derivative of -s**4/12 - s**3 - 2*s**2 - 4*s. Let a be w(-3). Calculate the greatest common divisor of 2 and a.
1
Suppose 2*n = 39 - 9. Let r = -7 + n. Calculate the highest common factor of 72 and r.
8
Let v(p) = p**2 - 4*p - 6. Let i be v(6). Let q(t) be the first derivative of t**2 - 8*t + 1. Let s be q(i). Calculate the greatest common divisor of s and 6.
2
Suppose -21 = 4*m - m. Let b = m + 12. Suppose 2*c - 7*z = -2*z + 4, -10 = -b*c - 3*z. What is the greatest common divisor of 5 and c?
1
Suppose 0 = -m + 5*m + v - 429, 4*m - 435 = v. Suppose 0 = -4*c + c + m. What is the highest common divisor of c and 9?
9
Let c be 6/14 - (-810)/21. What is the highest common factor of c and 26?
13
Suppose -7 = -5*w + 13. Suppose -y + w*y = f + 50, 22 = y - 3*f. Let i = -7 + y. What is the greatest common divisor of 18 and i?
9
Suppose 4*a - 71 = 97. Calculate the highest common factor of 14 and a.
14
Let u(d) = d**3 - 4*d**2 - 5*d. Suppose r + 15 = 4*r. Let m be u(r). Let c(b) = b + 10. Let i be c(m). What is the highest common factor of i and 70?
10
Suppose 145 = 8*m + 9. What is the highest common factor of 17 and m?
17
Let y be 0 + 1058/34 - 58/493. What is the greatest common divisor of y and 62?
31
Let d be ((-2 - -8) + -3)*-5. Let t be ((-35)/d)/((-1)/(-6)). Let v be (0 + -2)*21/(-6). Calculate the highest common divisor of t and v.
7
Suppose -4*f + 20 = -c, -f + c + 12 = f. Suppose 3*o + 2*o = 25. Let b = f + o. Calculate the highest common factor of 3 and b.
3
Let z = -10 + 20. Suppose 2*f - 9 = -f. Suppose 10 = 5*k - y, -7*k + 2*k - f*y + 10 = 0. Calculate the highest common factor of z and k.
2
Let q be 5*(-2388)/(-30) - 6. Calculate the greatest common factor of q and 28.
28
Let g = -8 + 13. Suppose 5*o = 35 + g. Let k be (-1 - -13)/((-3)/(-4)). What is the greatest common factor of k and o?
8
Suppose 21 + 39 = 12*l. What is the highest common factor of 5 and l?
5
Let y = 210 - 100. Let p = y + -35. What is the greatest common divisor of p and 15?
15
Let r(i) = 33*i**2 + 3*i - 2. Let l = 2 - 0. Let s be r(l). Suppose -b - g + 2*g + 18 = 0, -g = -2*b + 35. Calculate the highest common divisor of b and s.
17
Let n = 1 - -6. What is the greatest common divisor of 77 and n?
7
Suppose -9*q + 8*q + 26 = 0. What is the greatest common factor of q and 13?
13
Suppose 3*i - 29 = 25. What is the greatest common factor of i and 72?
18
Let y be (-16)/(-20)*15/(-2). Let z = y - -14. What is the highest common factor of 24 and z?
8
Let c = 65 + -59. Let x(y) = -y**3 - 7*y**2 - 8*y - 6. Let i be x(-6). Calculate the highest common divisor of c and i.
6
Let r = -282 + 289. Let n = 0 - 0. Let z = n + 28. Calculate the highest common factor of z and r.
7
Let d = 9 + 9. Let n be 4/18 - (-2750)/d. What is the highest common divisor of 17 and n?
17
Let c = 10 + -16. Let a be (16/c)/2*-57. What is the greatest common divisor of 19 and a?
19
Let f = -6 + 1. Let a(v) = v**2 + 4*v - 4. Let u be a(f). Suppose 3*y + 16 = 7*y. Calculate the highest common divisor of y and u.
1
Let z be (4 + -2)/(2/3). Suppose z + 5 = -4*f. Let r be 2 - ((-18)/3 - f). Calculate the greatest common factor of 6 and r.
6
Let g be (-3)/6 + 14/(-4). Let a = g + 10. What is the greatest common divisor of a and 24?
6
Suppose 2*c = 2*s - 12, -5*c + 6 = -s + 36. Let y be 1/2*-1*c. Suppose 0 = -y*a - 5*m + 44, -a - m = 2*m - 12. Calculate the greatest common factor of a and 3.
3
Suppose -o - 21 = -2*m + 2, 0 = 5*m - 2*o - 57. What is the highest common factor of 55 and m?
11
Let j be 5/(-15) - 104/(-6). Let b(o) = -o**3 - 3*o**2 + 2*o + 5. Let u be b(-7). What is the highest common factor of j and u?
17
Suppose -37 = -3*n + 20. Suppose -2*x + 13 = -n. Suppose -3*h + x = -2*h. What is the greatest common factor of 80 and h?
16
Let j be (-919)/(-2) - 1/2. Suppose j = 4*q - 25. Calculate the highest common factor of 11 and q.
11
Suppose -5*r = -3*o + 4 + 3, -r = -o + 3. Calculate the highest common divisor of 16 and o.
4
Let i = -4 - -4. Suppose 4*s + 1 - 9 = i. Suppose s*q - 5*q = -6. Calculate the greatest common factor of q and 10.
2
Let c be (-15 + 1)*(-3 + 6/4). What is the greatest common factor of c and 189?
21
Suppose d + 16 = 4*w, 5*w - d + 5*d + 1 = 0. Let p(j) = 29*j + 3. Let i be p(w). Let s be 4*((-15)/2)/(-3). Calculate the greatest common divisor of s and i.
10
Let m = 23 - 10. What is the greatest common divisor of 39 and m?
13
Let z = 27 - 17. Suppose -143 = -3*m + 5*v, -m = 4*v + 28 - 87. Suppose -1 + m = s. What is the highest common divisor of s and z?
10
Let d be 2*3 - (-2 + 4). Suppose 0*p = -p. Suppose -2*g = -p*g - 16. What is the greatest common divisor of d and g?
4
Let m(a) = -a**2 + 12*a + 25. Let x be m(13). What is the highest common factor of x and 30?
6
Let z(j) = j. Let r be z(16). Calculate the highest common factor of 24 and r.
8
Let c = 117 + 23. What is the highest common factor of c and 20?
20
Let l(b) = b + 23. Let h be l(-15). What is the greatest common factor of 16 and h?
8
Suppose 8 + 7 = 3*a. Suppose -s = a*x - 27, 3*x = -2*s + 3*s + 5. What is the highest common divisor of 28 and s?
7
Let o = 56 - -39. Let d(w) = 20*w - 1. Let m be d(1). What is the greatest common divisor of o and m?
19
Suppose 3*l + 6 = 33. Suppose 0 = 5*m + 5*a - 70, -4*m + 16 = -0*m - 4*a. Calculate the highest common divisor of l and m.
9
Suppose 414 = -t + 4*t + 3*d, -d + 2 = 0. Suppose -j + t - 31 = 0. Calculate the highest common divisor of j and 15.
15
Let u(z) = z - 3. Let p be u(3). Suppose t = -l - 8 + 24, p = 2*t - 5*l - 11. What is the highest common divisor of t and 143?
13
Let n be 0/(-1) + 225/5. Suppose -12*c + 31 = -149. What is the greatest common factor of c and n?
15
Let i = 34 + -62. Let z = 52 + i. Calculate the greatest common divisor of z and 12.
12
Suppose 4*i + 5 = 3*h + 54, 0 = -3*i + 4*h + 28. Calculate the highest common divisor of 96 and i.
16
Let b(n) = n + 4. Let j be (-4)/((-8)/(-6)) + -1. Let f be b(j). Suppose -u + f*l + 2*l = -5, 70 = 4*u + 2*l. What is the greatest common divisor of 3 and u?
3
Suppose j + 4 = 28. Calculate the highest common factor of 3 and j.
3
Suppose 0 = 2*y + 2*l - 4, 3*l - l = y - 11. Suppose -y*k + 4*k - 516 = -3*r, 4*r + 4*k - 672 = 0. Calculate the greatest common factor of r and 19.
19
Let k be (-935)/(-15) + (-4)/(-6). Suppose -4*c - 11 = 2*p + c, 4*p = 5*c + 53. Calculate the greatest common factor of k and p.
7
Let u be 1016/16 + 2/4. What is the highest common factor of u and 16?
16
Let p = 11 + -5. Let s = -13 - -37. Calculate the greatest common divisor of p and s.
6
Let q(d) = -d**2 + 10*d - 9. Let z be q(8). What is the highest common divisor of 63 and z?
7
Let s be 11 + (-12)/(-30)*10. Calculate the greatest common factor of s and 10.
5
Let v be (1 - 6)*(-2 + -1). Let y(d) = -d**2 - 4*d + 1. Let f be y(-3). Suppose 3*w + 15 = f*w. Calculate the greatest common factor of w and v.
15
Let j = -160 + 235. Calculate the greatest common divisor of j and 50.
25
Let s(g) = g + 11. Let x be s(-9). Calculate the greatest common divisor of 14 and x.
2
Let p = -17 + 41. What is the highest common divisor of p and 60?
12
Let i be -10 - -29 - (2 + -6*1). Calculate the greatest common divisor of 46 and i.
23
Let v be (1*-1)/((-8)/(-16)). Let y be v + 17 - (2 + 1). Calculate the greatest common divisor of 12 and y.
12
Let i(n) = n**3 + 5*n**2 - 2*n - 9. Let y = 22 - 26. Let k be i(y). What is the highest common divisor of 10 and k?
5
Let f(h) = 4*h**2 - 6*h + 4. Let l be f(4). Let q be 1 + (9 - 1) + 2. What is the greatest common factor of q and l?
11
Let w(t) = -t**2 + 12*t - 9. Let g = 22 + -16. Let p be w(g). Calculate the highest common divisor of 108 and p.
27
Let v(n) = n**2 - 8*n + 1. Let y be v(7). Let p(d) = -d**3 - 5*d**2 + 4*d - 8. Let h be p(y). What is the highest common divisor of 6 and h?
2
Let k(q) = -22*q + 4. Let z be k(-2). Calculate the greatest common divisor of 16 and z.
16
Suppose -4*d - p - 3 = 0, d - 2*p - 2 - 4 = 0. Suppose -r - 3 + 7 = d. Calculate the greatest common divisor of 6 and r.
2
Suppose -18*k + 150 = -13*k. Calculate the greatest common divisor of k and 20.
10
Let c be 1/((-99)/102 + 